*3 - 15*r**2 + 97*r + 672. Calculate k(8).
-24
Let g(l) = 5517*l + 21124. Determine g(-4).
-944
Let b(p) = -881*p - 66923. Give b(-76).
33
Let r(x) = -2*x**3 - 76*x**2 + 545*x - 144. Determine r(6).
-42
Let u(i) = 442*i + 564. Calculate u(-6).
-2088
Let a(f) = -180*f + 51964. Calculate a(300).
-2036
Let h(t) = 8*t**2 + 1127*t + 5285. Calculate h(-136).
-19
Let b(q) = -1397*q + 71129. Determine b(51).
-118
Let f(u) = 7223*u + 29337. Give f(-4).
445
Let p(l) = -68*l - 3546. Determine p(-56).
262
Let u(b) = 2*b**2 - 3035*b - 74019. Calculate u(-24).
-27
Let a(z) = 286*z + 31682. Determine a(-110).
222
Let i(j) = j**3 - 4414*j**2 - 17682*j - 48. Determine i(-4).
-8
Let p(o) = -52*o**2 - 397*o - 1556. What is p(-4)?
-800
Let i(y) = y**2 - 179*y - 18472. What is i(-69)?
-1360
Let q(r) = r**3 - 3*r**2 - 935*r - 1858. Determine q(-2).
-8
Let u(s) = -8*s**2 + 758*s + 6568. Determine u(-8).
-8
Let p(a) = -a**3 - 14*a**2 + 12507*a + 23. Determine p(0).
23
Let v(h) = -18*h**2 - 436*h + 3642. What is v(8)?
-998
Let q(m) = -6*m**3 - 69*m**2 + 345*m - 453. Determine q(3).
-201
Let d(o) = -o**3 + 16*o**2 + 90*o - 1137. What is d(12)?
519
Let z(y) = 315*y**2 - 1636*y + 9. Calculate z(6).
1533
Let n(f) = f**2 + 95*f + 1896. Give n(-52).
-340
Let w(j) = -594*j - 179829. Give w(-303).
153
Let c(w) = 2399*w + 11365. What is c(-5)?
-630
Let y(z) = -46*z**2 - 832*z + 4219. Determine y(5).
-1091
Let q(y) = 80*y**2 - 43*y - 115. Give q(-2).
291
Let g(u) = u**3 - 39*u**2 + 36*u - 2853. Determine g(40).
187
Let g(u) = -2061*u**3 - u**2 - 12*u - 82. What is g(0)?
-82
Let w(t) = -5*t**2 - 3213*t - 103451. Give w(-34).
11
Let h(o) = 3390*o - 972761. Give h(287).
169
Let h(v) = v**3 - 8*v**2 - 21*v + 353. Determine h(0).
353
Let y(i) = -2*i**3 - 194*i**2 + 224*i + 2461. Give y(-98).
-283
Let c(z) = -15*z**2 - 94*z + 1721. Give c(8).
9
Let u(b) = -b**2 - 311*b - 8755. Calculate u(-281).
-325
Let n(c) = -531*c - 287276. Determine n(-541).
-5
Let g(i) = i**3 + 84*i**2 + 650*i + 20440. Give g(-79).
295
Let l(a) = -351*a - 4220. What is l(-12)?
-8
Let f(c) = -6309*c + 5268009. Calculate f(835).
-6
Let c(u) = 32905*u - 263262. What is c(8)?
-22
Let c(v) = -4*v**2 - 250*v + 27585. Give c(-120).
-15
Let z(n) = -830*n + 11462. Give z(13).
672
Let r(m) = 11*m**2 + 720*m - 36. Calculate r(0).
-36
Let h(s) = -8*s**2 + 478*s - 3776. Determine h(8).
-464
Let i(y) = -y**2 - 3694*y - 292803. What is i(-81)?
-150
Let v(w) = -1710*w - 907945. Give v(-531).
65
Let y(m) = -155*m**3 - 3564*m**2 + 22*m - 32. Calculate y(-23).
-9
Let l(h) = -4*h**3 + 44*h**2 - 213*h + 17. Calculate l(4).
-387
Let h(y) = 802*y - 125144. Determine h(156).
-32
Let y(c) = c**2 - 121*c + 3636. Give y(65).
-4
Let o(k) = -k**2 + 112*k + 1236. Calculate o(122).
16
Let c(k) = -12432*k - 50335. Determine c(-4).
-607
Let o(m) = -44*m**2 + 637*m - 100. Give o(8).
2180
Let c(s) = 11585*s + 13626. What is c(-1)?
2041
Let o(i) = -6153*i + 92287. Calculate o(15).
-8
Let b(q) = -53363*q - 160084. What is b(-3)?
5
Let i(z) = 335*z**2 + 101*z + 5. What is i(-3)?
2717
Let a(l) = 122*l + 45638. Determine a(-374).
10
Let u(t) = 76*t**3 - 8*t**2 - 2*t + 8. Give u(-1).
-74
Let i(h) = -32023*h + 255856. Give i(8).
-328
Let p(t) = -45*t**2 + 582*t - 1875. Determine p(7).
-6
Let g(f) = 2*f**2 - 1049*f - 6458. Calculate g(-6).
-92
Let j(z) = 51548*z**2 + 103110*z. What is j(-2)?
-28
Let w(v) = -v**3 - 3*v**2 - 114*v - 347. Determine w(-3).
-5
Let m(w) = -4*w**3 + 15*w**2 + 1943*w - 7818. Give m(4).
-62
Let f(p) = 30*p**2 + 4019*p + 95. What is f(-134)?
229
Let t(o) = -14*o**2 + 63*o - 56. What is t(8)?
-448
Let k(m) = -79*m**2 - 1226*m - 4940. Determine k(-4).
-1300
Let h(p) = p**3 - 1210*p**2 + 166225*p - 9480. Give h(1052).
-12
Let c(f) = f**2 + 85*f - 17137. Calculate c(-179).
-311
Let l(x) = 548071*x + 4932632. Give l(-9).
-7
Let m(v) = -55*v**2 - 3850*v - 8. Calculate m(-70).
-8
Let p(l) = -29*l**2 + 724*l - 4155. What is p(9)?
12
Let g(s) = 66*s**2 - 17144*s - 4126. Give g(260).
34
Let n(i) = -i**3 + 4*i**2 + 72*i + 154. What is n(-5)?
19
Let u(n) = -67*n**2 + 264*n - 751. Determine u(3).
-562
Let u(n) = 2*n**3 + 76*n**2 + 150*n + 269. What is u(-36)?
53
Let a(t) = -6*t**2 + 1062*t - 2100. Determine a(2).
0
Let x(a) = -318*a + 7269. Give x(23).
-45
Let k(j) = -906*j - 31326. What is k(-36)?
1290
Let d(s) = -665183*s - 3325893. Give d(-5).
22
Let v(h) = h**2 + 210*h + 6599. Give v(-58).
-2217
Let i(p) = -12*p**2 + 79*p + 520. Calculate i(-5).
-175
Let t(u) = -2975*u + 606898. Determine t(204).
-2
Let l(o) = -47889*o - 335207. Give l(-7).
16
Let k(y) = 156091*y - 1873153. Determine k(12).
-61
Let y(n) = -2420*n + 52389. Give y(22).
-851
Let g(f) = -135*f - 7954. What is g(-56)?
-394
Let f(r) = -473*r + 23337. Calculate f(49).
160
Let s(r) = 920817*r + 9208160. Give s(-10).
-10
Let z(x) = 1691*x - 197862. What is z(117)?
-15
Let h(l) = -586*l**3 + 7*l**2 + 9*l - 10. Calculate h(1).
-580
Let r(q) = -q**3 - 15*q**2 + 374*q + 5717. Give r(-15).
107
Let v(h) = -4*h**2 + 57759*h + 1620377. What is v(-28)?
-11
Let v(q) = q**2 - 803*q + 26877. Determine v(34).
731
Let g(v) = 4674*v + 51398. Calculate g(-11).
-16
Let x(b) = b**2 + 270*b - 15. What is x(9)?
2496
Let x(h) = 585494*h - 2927539. What is x(5)?
-69
Let v(n) = 3*n**2 - 1435*n - 7206. Determine v(-5).
44
Let t(z) = 104*z - 4796. What is t(44)?
-220
Let t(w) = w**3 + 102*w**2 - 716*w - 73030. What is t(-102)?
2
Let o(t) = 39437*t + 5915580. Determine o(-150).
30
Let z(m) = -20*m**3 - 1741*m**2 - 123*m - 3125. What is z(-87)?
7
Let g(i) = -20*i + 2258. Determine g(70).
858
Let t(r) = 16653*r + 566132. Determine t(-34).
-70
Let m(d) = 93*d - 130. Calculate m(1).
-37
Let q(j) = 14*j**2 + 315*j - 313. Calculate q(-25).
562
Let m(o) = 2121*o**2 - 29547*o - 2064. Determine m(14).
-6
Let j(p) = 72*p**2 + 7082*p + 2556. What is j(-98)?
8
Let y(a) = -383*a + 13323. Determine y(35).
-82
Let j(x) = -373*x + 32462. Give j(72).
5606
Let f(p) = -6*p**3 + 34*p**2 - 2867*p + 17261. Calculate f(6).
-13
Let r(c) = 12*c**2 + 145*c - 535. What is r(3)?
8
Let m(l) = l**3 + 71*l**2 + 384*l - 9. Determine m(-6).
27
Let f(o) = -o**2 - 18379*o - 47303987. Calculate f(-3095).
-7
Let y(x) = 4182*x + 25113. Calculate y(-6).
21
Let i(u) = -63*u**2 + 3275*u + 61. Calculate i(52).
9
Let r(h) = -h**3 - 26*h**2 + 50*h - 390. Calculate r(-26).
-1690
Let c(o) = 2376600*o + 7129802. Calculate c(-3).
2
Let w(h) = 128*h + 15015. What is w(-125)?
-985
Let s(b) = 5544*b**2 + 277203*b + 110. Calculate s(-50).
-40
Let k(o) = 273*o**2 - 24020*o - 301. Give k(88).
51
Let n(v) = -6284*v - 351965. What is n(-56)?
-61
Let t(w) = -1315*w + 66600. Calculate t(51).
-465
Let t(x) = 234*x**2 + 339*x + 694. Give t(-2).
952
Let i(h) = 346*h**2 + 6018*h - 12027. Give i(2).
1393
Let b(k) = -10*k + 381. What is b(13)?
251
Let v(h) = 1799*h + 68614. Calculate v(-38).
252
Let g(k) = -873*k + 54122. What is g(62)?
-4
Let w(p) = 3*p**3 - 99*p**2 + 425*p + 153. Determine w(6).
-213
Let m(z) = -2593*z + 7821. What is m(3)?
42
Let l(z) = 3*z**2 - 98*z - 29989. What is l(117)?
-388
Let x(p) = 142*p**2 - 13625*p - 677. Calculate x(96).
-5
Let p(k) = 6890*k + 213566. Calculate p(-31).
-24
Let t(m) = 7*m**2 + 10*m + 18. Give t(-2).
26
Let g(u) = u**2 + 626*u - 25950. Determine g(39).
-15
Let q(a) = -3868*a + 73472. Calculate q(19).
-20
Let x(c) = c**3 + 404*c**2 - 3387*c - 37446. Calculate x(-412).
46
Let c(h) = -h**2 - 163*h + 2671. What is c(-177)?
193
Let z(d) = 7*d**3 - 2331*d**2 - 7055*d - 332. What is z(336)?
4
Let i(q) = 954*q - 4141. Determine i(4).
-325
Let x(j) = -j**3 + 12*j**2 + 2186*j - 690. What is x(53)?
-1
Let z(v) = -v**3 - 15*v**2 - 13117*v - 210083. What is z(-16)?
45
Let a(r) = 5*r**3 + 56*r**2 + 145*r + 1. Determine a(-5).
51
Let f(n) = 4031*n + 32300. Give f(-8).
52
Let z(n) = -2*n**2 + 54*n + 151. Determine z(-22).
-2005
Let s(n) = 3*n**2 - 441*n - 1694. Determine s(149).
-800
Let n(w) = 4*w**2 - 324*w + 2944. Calculate n(71).
104
Let f(p) = 480594*p + 19. Give f(0).
19
Let g(s) = s**3 - 202*s**2 + 12*s + 2005. Calculate g(202).
4429
Let a(q) = 10*q**3 - q**2 + 500*q - 1993. What is a(4)?
631
Let v(p) = p**3 - 1086*p**2 + 177206*p - 5341. Determine v(886).
-25
Let y(p) = 34*p**2 + 248*p - 963. Give y(6).
1749
Let r(g) = -183*g